ber?
True
Let h = -15865 - -17072. Let i = -1552 - -1046. Let a = i + h. Is a a prime number?
True
Let q = 334 - -5099. Suppose -3*h + h = -2*y + 10, -20 = 5*h - 4*y. Suppose -4*w + z + 4346 = 0, -3*w - 2*w + z + q = h. Is w composite?
False
Suppose 2448 + 1386 = -18*n. Let q = 470 + n. Is q prime?
True
Let o(c) = -124*c - 40. Let d be o(-20). Suppose m + d = 9*m. Let z = 598 - m. Is z prime?
True
Suppose -158*r - 1632684 - 4424332 = -186*r. Is r composite?
True
Suppose -3*d + 70960 = 3*i - 59012, -43314 = -d + i. Is d prime?
True
Suppose 37*f - 36*f = -2*l + 334762, -4*l + 6*f = -669524. Is l composite?
False
Let k(h) = -639*h - 7. Let q be k(-14). Suppose 4*j = 5*p + q, -5*p + 6 - 21 = 0. Is j a prime number?
False
Suppose -3*f + 4*b = -428801, 36 = 4*b + 44. Is f prime?
False
Is ((-7805)/(-98) + -14)*14 a prime number?
True
Suppose 82 = 14*w - 30. Suppose 2*i + 5862 = 4*k, w*i - 3*i + 5859 = 4*k. Is k prime?
False
Suppose 0 = -49*p - 31*p + 83360. Is p a composite number?
True
Suppose -334*q - 765034 = -314*q - 8983774. Is q a prime number?
False
Let h = -62 + 2714. Suppose h = 6*o - 3*o - 3*d, o - 881 = 2*d. Is o a prime number?
True
Let u = 1467668 - 982449. Is u a prime number?
False
Suppose v - y + 2 = 0, 3*y = v - 0*y + 10. Is v*((-1)/(-1))/((-2)/(-2649)) composite?
True
Let w = -7690 - -16329. Is w a prime number?
False
Suppose 0 = -11*v - 0*v + 22. Suppose 3*h - 3*y - 18159 = 0, 7*y - 5 = v*y. Suppose -h = c - 7*c. Is c prime?
True
Is (-2)/12*(-685072)/94 + 6/(-9) a prime number?
False
Is (-997488)/(-96) + ((-3)/(-6) + -3 - -3) composite?
False
Suppose 2609005 = -51*v + 64*v - 3400414. Is v prime?
True
Let j(n) = -328*n - 3510. Is j(-19) a prime number?
False
Suppose -5031 = -9*r + 20115. Suppose 8*n + r = 19826. Is n a prime number?
True
Let i = -451 + 197. Let n = i - 1828. Is (-2 - -3)/((-2)/n) a composite number?
True
Let k = 132094 - 75795. Is k prime?
True
Let h be (-176)/11*((-42)/8 + 1). Suppose -h*w + 70*w - 16 = 0. Suppose -907 = -w*i + 7*i. Is i a composite number?
False
Is 30798/12*26/39 prime?
False
Let v(c) = 192*c**2 - 8*c + 71. Is v(-15) prime?
True
Let w = -166920 - -683851. Is w composite?
False
Suppose -t + 4*x - 5 - 9 = 0, 10 = -3*t + 4*x. Let m(p) be the first derivative of 553*p**2 + p + 193. Is m(t) a composite number?
False
Let h(g) = 63*g**2 + 199*g - 801. Is h(62) a composite number?
True
Let q = -171079 + 535650. Is q a composite number?
False
Let u(p) be the third derivative of p**6/5 + p**5/20 + 5*p**4/8 + 4*p**3/3 + 31*p**2 - 2. Is u(5) a composite number?
True
Let m = 247 + -259. Is -1*((-2)/6*m - 53777) prime?
True
Suppose -2*g + 4*v + 270558 = 0, -2*g - 94966 = 4*v - 365556. Is g prime?
False
Let d(q) = 2*q**2 + 138*q - 135. Let u be d(-55). Let l = -693 - u. Is l prime?
False
Suppose -4450558 = -18*w + 2573204. Is w composite?
False
Let w be -1 - (36/9 - 5). Suppose 14*c + 16*c - 576210 = w. Is c a composite number?
False
Let j(k) be the first derivative of k**3 + 3*k + 1/2*k**2 - 21. Is j(-10) a composite number?
False
Let z be 90490/10 + (-1 - 0). Suppose 0 = 4*n - o + 68, 0 = 2*n - 3*n + 3*o - 28. Is (4/(-6))/(n/z) prime?
False
Let w(v) = -103*v - 35. Suppose -4*q + 12 = -2*r, 3*q - 3 = 3*r + 2*q. Suppose -k + 9*k + 192 = r. Is w(k) a composite number?
False
Let z(a) = 70*a**2 + 11*a - 106. Let r be z(15). Suppose 0 = -5*p - 17*n + 12*n + 15825, 5*p - r = -n. Is p composite?
True
Suppose 15 - 2 = -k. Let z(m) = -2*m**3 - 9*m**2 + 39*m + 5. Is z(k) composite?
False
Let o = 70 - 63. Suppose 3*q + o = 25. Suppose q*a = 987 + 5919. Is a composite?
False
Suppose 60 = 3*i + 339. Is 95754/4*(-62)/i prime?
True
Suppose 647*s + 156952 = 655*s. Is s prime?
False
Let x(g) = 7*g**2 + g + 1. Let a be x(1). Let w(h) = 37*h**2 - 7*h + 16. Let k be w(a). Suppose 2*p = 10, -59 = -2*r + p + k. Is r a prime number?
False
Let t(x) = -32*x**3 - 19*x**2 - 26*x + 2. Is t(-15) prime?
False
Suppose -2*s + 20 = 4*h - 7*h, -2*h - 8 = 0. Suppose 0 = 3*u, 2*q - 5*q - s*u + 67749 = 0. Is q a composite number?
True
Let u = 1045367 - 584134. Is u prime?
True
Let l(t) = -24*t**3 - 6*t**2 - 7*t + 4. Let a(q) = -97*q**3 - 26*q**2 - 29*q + 15. Let m(i) = -2*a(i) + 9*l(i). Is m(-5) a prime number?
True
Let j be (-3836*((-5 - 1) + 5))/1. Is (2 - 6 - -1) + j prime?
True
Let q = -225 - -207. Is q/(-27)*(-1229)/(-2)*9 a prime number?
False
Let g(n) = 3*n**3 - 5*n**2 + 2*n - 8. Let q be g(3). Suppose -43749 = -q*o + 25*o. Is o a prime number?
True
Let u = 59 + -95. Let d = u + 126. Let g = d + -39. Is g prime?
False
Let x(r) be the second derivative of 13*r + 9/2*r**2 + 1/12*r**4 - 11/6*r**3 + 0. Is x(-8) a prime number?
False
Suppose -108*u + 30061768 = -11*u - 9*u. Is u composite?
True
Let c = 239 + -241. Is 8486/8 + (-8 - c)/(-24) a prime number?
True
Let x be (-2)/(-12) - 15/(-18). Let r(h) = -143*h**3 + 2*h**2 - 2*h. Let b be r(x). Let k = b - -230. Is k a composite number?
True
Is (-33454385)/(-19) - 24*12/2736 composite?
True
Let r = 298 + -275. Suppose -2*q - 20*v + 2627 = -r*v, -5265 = -4*q - 5*v. Is q a composite number?
True
Is -14 + (-1 - (-421568)/7) composite?
False
Let z = -12 + 11. Let f be 2 - (z + -1 - -3). Is f/3 + (-2720)/(-3) a composite number?
False
Let v(s) = -4*s + 34. Let q(w) = w**3 + 5*w**2 + 5*w + 6. Let p be q(-3). Let g be v(p). Is -7 + (5 - 0) + (-282)/g composite?
False
Let h be (-2)/15 - (-1152)/540. Is (4 - h) + 5*4416/8 prime?
False
Is -1 - ((3 - (-6390538)/(-56)) + (-3)/12) prime?
True
Let f be 14/(-4)*(2/7 - 2). Let h be 4004/(-168) + (-1)/f. Is (-6)/(-16) + (-49743)/h prime?
False
Let x(g) = -g**3 + 14*g**2 + 15*g. Let o be x(15). Suppose o = -2*l + 509 + 2429. Is l prime?
False
Suppose -3*a + 3*f = -23454, -71*f = a - 69*f - 7815. Is a composite?
False
Suppose 0 = -6*t + 12*t - 60. Suppose 4*u = -4*h + 8, -t = h + 4*u - 3. Suppose s = h*z + 1827, -5*s = -s - 4*z - 7276. Is s a prime number?
False
Let p(d) = 1666*d**3 - 11*d**2 + 4*d - 1. Is p(2) prime?
True
Let t = -6 - -17. Suppose -3*x = -t*x - 8. Is -3 + x/1 + 882 composite?
True
Suppose -3*h + 315168 = -28*x + 33*x, -210160 = -2*h + 2*x. Is h a composite number?
False
Is (-2 - 207816)/(84 - 86) a prime number?
False
Let i(z) = -324*z**3 + 11*z**2 - 48*z - 400. Is i(-7) a prime number?
False
Let h(z) = 159*z**2 + 118*z + 933. Is h(-26) a composite number?
True
Suppose -3*g = -5*g - 4*x + 20, 2*g = -2*x + 10. Suppose 12 = b + 2*b, -5*t + 5*b + 8405 = g. Is t a prime number?
False
Let k = -12 + -23. Let v = k + 40. Suppose 0 = 5*p + v*u - 9755, 1622 = p + 4*u - 335. Is p prime?
True
Suppose -5*b + 0*b + 197495 = 2*g, -2*b = -4*g - 78998. Is b a prime number?
True
Suppose -2*f = -0*j + 2*j - 40, 2*f = -10. Suppose j*p - 12 = 22*p. Let n(b) = 31*b**3 + 2*b**2 + 7*b - 5. Is n(p) composite?
False
Suppose -4*c + 13*u + 174033 = 0, -17*c + 15*c - 2*u = -87076. Is c a prime number?
False
Let z be ((-6)/(-8))/((-3)/(-12)). Let r(f) = 328*f**2 - 3*f - 4. Is r(z) a prime number?
True
Suppose -39 + 14 = -5*h. Suppose h*x - 4*x = 4*o + 671, -3*x - 4*o = -1949. Suppose n = x + 706. Is n a composite number?
False
Suppose 139*w + 1020053 = 158*w. Is w prime?
False
Suppose 0 = 7*n - 5*n - 3*n. Suppose -h + 3*g = -n*h + 2334, -3*g = h + 2346. Let p = h - -3997. Is p a composite number?
False
Let f be (3/6)/(1/102118). Suppose 15*j = f - 7214. Is j composite?
True
Suppose -3*h + 5*h - 2*z = 1830, -907 = -h - z. Let y = -2484 + h. Let k = -695 - y. Is k a prime number?
False
Suppose 12 = -x - 0*j + 2*j, -x = -5*j + 12. Let y(f) = -f**2 - 13*f - 12. Let t be y(x). Suppose -4*p + t*p + 6692 = 0. Is p a composite number?
True
Let z(r) = 13*r + 1 + 17*r - 26*r + 15*r**2. Let t(w) = 15*w**2 + 3*w + 2. Let c(d) = -2*t(d) + 3*z(d). Is c(-6) a composite number?
False
Let f(t) be the second derivative of 13*t**4/4 - t**3/6 + 39*t**2/2 + 27*t. Is f(16) prime?
True
Suppose 5*n + 1297868 = 3*w, 4*w - 4080*n - 1730514 = -4078*n. Is w a prime number?
True
Let j(g) = g**3 - 3*g**2 + 7*g - 14. Let t be j(4). Let b be 122/((-3)/(t/4)). Let u = 308 - b. Is u a prime number?
True
Let y = 28543 - 12242. Is y composite?
False
Suppose 3*o - 19 = -4*y, -5*o + 5 = y - 4. Suppose -3*n - m = -7957, 4*n - y*m = -3*m + 10621. Is n a prime number?
False
Let z(m) = -m**3 + 4*m**2 + 3*m + 1. 